Let o(j) = 1226*j - 1498. Give o(1).
-272
Let w(f) = f**3 - 9*f**2 - 552*f - 3454. Give w(-13).
4
Let g(h) = -93*h**2 + 37665*h - 8. Determine g(405).
-8
Let h(m) = -23*m**2 - 20*m + 26. Determine h(4).
-422
Let j(p) = -95*p + 8521. Give j(90).
-29
Let i(q) = -5647*q + 56445. What is i(10)?
-25
Let q(r) = r**2 - 4489*r + 102708. Calculate q(23).
-10
Let s(w) = 169*w - 20580. Determine s(121).
-131
Let b(c) = c**2 - 11099*c + 276827. What is b(25)?
-23
Let k(g) = -g**2 + 350*g + 174972. Determine k(-279).
-519
Let z(c) = 4*c**3 - 2224*c**2 - 187*c + 103968. Give z(556).
-4
Let q(x) = -4*x**2 + 230063*x + 460133. Give q(-2).
-9
Let r(a) = -a**3 - 295*a**2 + 213*a - 24529. What is r(-296)?
39
Let a(c) = -4*c**3 - 17*c**2 - 41*c - 582. What is a(-6)?
-84
Let l(j) = -2*j**3 + 1172*j - 11680. What is l(10)?
-1960
Let r(d) = -30151*d + 90477. Give r(3).
24
Let a(d) = 1541*d - 9435. Give a(5).
-1730
Let n(r) = -6*r**3 + 1170*r**2 + 339. What is n(195)?
339
Let t(u) = -7090*u - 43548. What is t(-6)?
-1008
Let z(j) = 220*j + 142. Calculate z(0).
142
Let r(m) = -4*m**2 - 559*m - 13201. What is r(-23)?
-2460
Let r(p) = 1444078*p + 27437483. Determine r(-19).
1
Let p(x) = -10*x**2 + 824*x - 2333. Give p(79).
353
Let h(v) = -36*v**2 - 74*v - 124. Give h(4).
-996
Let j(m) = -m**3 + 424*m**2 - 1272*m + 3760. Give j(421).
-29
Let y(z) = 2*z**3 + 64*z**2 + 233*z - 2990. Give y(5).
25
Let c(n) = -267802*n - 2142406. Determine c(-8).
10
Let c(i) = -i**2 - 90234*i - 541368. Calculate c(-6).
0
Let z(x) = 2041*x - 155144. What is z(76)?
-28
Let r(v) = -38*v**2 + 26*v - 80. Calculate r(3).
-344
Let a(k) = 6*k**2 + 327*k - 30435. Give a(49).
-6
Let a(i) = -500926*i - 2003717. Give a(-4).
-13
Let i(l) = -l**3 + 101*l**2 + 10*l - 749. Calculate i(101).
261
Let q(y) = y**2 + 354*y - 9037. Determine q(-378).
35
Let f(w) = 1109*w + 590035. What is f(-532)?
47
Let l(v) = -v**3 - 17*v**2 - 63*v + 71. Determine l(-7).
22
Let z(o) = -9015*o + 108412. Calculate z(12).
232
Let m(n) = -n**3 + 135*n**2 - 793*n + 126382. Determine m(136).
38
Let z(k) = -728*k**2 - 1067246*k + 2921. Calculate z(-1466).
-11
Let m(d) = -399*d + 100149. Determine m(251).
0
Let k(j) = -190*j - 9990. Calculate k(-52).
-110
Let a(o) = -44*o**3 - 754*o**2 + 4*o + 80. Give a(-17).
-1722
Let u(f) = -2*f**2 - 758*f - 14835. What is u(-21)?
201
Let k(t) = 6*t**2 + 128*t - 60. Calculate k(-21).
-102
Let r(x) = -106119*x - 2122359. Calculate r(-20).
21
Let x(q) = 359*q - 15954. Determine x(45).
201
Let x(f) = -249*f**2 + 3503*f - 87. Calculate x(14).
151
Let c(s) = s**3 + 137*s**2 - 3876*s + 289. Give c(24).
1
Let w(g) = 189*g**2 + 33071*g - 754. Give w(-175).
-54
Let b(s) = 205*s + 1540. Calculate b(-9).
-305
Let r(x) = 2*x**2 + 183*x + 3486. Give r(-31).
-265
Let i(z) = 101*z**2 - 2699*z + 39. What is i(28)?
3651
Let b(a) = -25*a**3 - 228*a**2 + 32*a + 348. Calculate b(-9).
-183
Let o(s) = -1209491*s - 20561346. What is o(-17)?
1
Let i(j) = 5*j**3 + 10*j**2 - 12*j + 10. Give i(-10).
-3870
Let s(h) = 5*h**2 - 603*h - 45935. What is s(-53)?
69
Let q(y) = -1085*y - 28594. What is q(-26)?
-384
Let v(d) = 8*d**3 - 700*d**2 + 349*d - 87. What is v(87)?
0
Let y(o) = 12920*o + 594327. Calculate y(-46).
7
Let i(a) = -a**3 + 18*a**2 - 4*a + 811. What is i(20)?
-69
Let j(u) = 783*u - 104947. Calculate j(134).
-25
Let x(q) = -q**3 - 28*q**2 - 4893*q - 94650. Calculate x(-20).
10
Let a(d) = -34*d**3 + 53*d**2 + 6*d + 20. Calculate a(-2).
492
Let v(b) = -5939*b - 106893. Give v(-18).
9
Let b(m) = 263*m**2 + 63*m + 62. What is b(-1)?
262
Let x(h) = 2*h**3 - 1889*h**2 - 1001*h + 52925. Determine x(945).
5
Let p(y) = y**2 + 16758*y - 16207988. What is p(917)?
-13
Let n(j) = 148*j + 10776. Give n(-69).
564
Let d(p) = -3622*p - 1137303. Give d(-314).
5
Let b(j) = -j**3 + 33*j**2 + 1038*j - 34240. What is b(32)?
0
Let h(f) = -3*f**3 - 18*f**2 + 200*f - 81. Give h(7).
-592
Let v(y) = -10*y**3 - 200*y**2 - 360*y - 57. Calculate v(-18).
-57
Let k(d) = 14719*d**2 + 1162808*d + 553. Determine k(-79).
0
Let h(z) = z**3 + 34*z**2 - 1151*z + 151. What is h(-55)?
-69
Let b(y) = -3*y**3 + 428*y**2 - 3486*y + 157. What is b(134)?
-111
Let x(u) = -u**2 - 232*u - 11982. Give x(-76).
-126
Let i(r) = 87*r**3 - 184*r**2 + 210*r - 414. Determine i(2).
-34
Let o(j) = 1038*j**2 - 2064*j - 14. Give o(2).
10
Let u(i) = i**3 - 74*i**2 + 1363*i + 212. Determine u(36).
32
Let a(h) = -5586*h - 1340637. Give a(-240).
3
Let l(g) = 2127*g**2 - 368*g + 8. Calculate l(1).
1767
Let h(v) = -4*v**3 - 164*v**2 + 344*v + 14117. Give h(-41).
13
Let o(i) = 719376*i + 8632520. Determine o(-12).
8
Let o(k) = 21*k**3 + 3*k**2 + 62*k + 129. Give o(-2).
-151
Let p(k) = -4787*k + 61288. Determine p(12).
3844
Let q(b) = -42*b**2 + 8168*b - 27880. What is q(191)?
6
Let r(n) = 1160*n + 73079. Determine r(-63).
-1
Let q(h) = 753*h - 39943. Give q(53).
-34
Let c(h) = h**3 - 34*h**2 + 35*h + 777. Give c(30).
-1773
Let n(o) = 1194*o - 18127. Give n(15).
-217
Let j(z) = 6*z**3 - 39*z**2 - 110*z - 239. Determine j(9).
-14
Let z(v) = v**2 + 921*v + 26684. What is z(-30)?
-46
Let i(d) = d**3 + 18*d**2 + 63*d + 4946. Give i(-24).
-22
Let y(k) = -13*k**3 - 113*k**2 - 460*k + 3. Calculate y(-4).
867
Let w(o) = -2834*o + 25443. Give w(10).
-2897
Let d(y) = -y**3 - 88*y**2 + 574*y - 8644. Calculate d(-95).
1
Let k(g) = -g**2 + 130*g + 2177. Determine k(107).
4638
Let n(h) = 122322*h + 6850026. Determine n(-56).
-6
Let f(k) = -3*k**2 + 2423*k + 114298. Give f(-45).
-812
Let c(m) = 2*m**2 - 20132*m + 281457. What is c(14)?
1
Let q(z) = z**3 - 98*z**2 + 256*z + 83. Give q(3).
-4
Let t(x) = 5*x**2 + 497*x + 8900. Calculate t(-76).
8
Let x(t) = -14365*t + 72067. Give x(5).
242
Let i(x) = 2142*x - 100680. Give i(47).
-6
Let n(f) = -3*f**2 - 103*f - 802. Determine n(-22).
12
Let w(y) = -7*y - 46. What is w(19)?
-179
Let o(i) = 29*i**2 - 5012*i + 29994. What is o(6)?
966
Let x(k) = -k**3 - 255*k**2 + 19286*k - 620. Determine x(61).
-10
Let j(a) = 4797*a + 33664. Give j(-7).
85
Let m(k) = -4*k**3 + 233*k**2 - 31*k - 806. Determine m(58).
760
Let m(z) = -z**3 + 18*z**2 + 26*z - 15. What is m(19)?
118
Let u(v) = -v**2 - 81*v - 1615. Determine u(-51).
-85
Let w(l) = -l**2 + 394*l - 19681. Give w(59).
84
Let i(l) = -26269*l + 1917636. Determine i(73).
-1
Let l(x) = -147*x + 747. Give l(4).
159
Let a(z) = 221*z - 2429. Determine a(11).
2
Let i(f) = 4*f**3 + 4*f**2 - 13479*f - 40448. Give i(-3).
-83
Let d(k) = 3*k**2 - 9716*k + 3078679. What is d(356)?
-9
Let s(h) = h**2 - 578*h - 23438. What is s(-38)?
-30
Let f(h) = 1755*h - 138534. What is f(79)?
111
Let b(t) = -13*t**2 + 25*t + 676. Give b(7).
214
Let u(d) = -2*d**3 - 2*d**2 + 3*d - 387. Calculate u(-6).
-45
Let p(s) = -s**3 + 368*s - 782. Determine p(18).
10
Let l(k) = -5682*k + 113756. Give l(20).
116
Let n(x) = -x**3 + 321*x**2 + 32564*x - 814. Calculate n(402).
-10
Let g(r) = 53*r**2 + 216*r - 439. Calculate g(2).
205
Let z(d) = -27*d**2 - 507*d - 2305. Give z(-11).
5
Let c(s) = -1186*s + 60115. Determine c(51).
-371
Let q(o) = 2*o**3 - 30*o**2 + 332*o - 10569. What is q(20)?
71
Let l(o) = -4982*o + 14952. Give l(3).
6
Let v(b) = 36*b**3 + 230*b**2 - 154*b + 8. What is v(-7)?
8
Let t(k) = -k**2 + 38*k - 890. Calculate t(44).
-1154
Let z(p) = 1673*p + 5124. Give z(-3).
105
Let c(h) = -2044*h + 214591. Determine c(105).
-29
Let h(f) = 3*f**2 + 10864*f + 65073. Give h(-6).
-3
Let m(r) = -5*r**2 + 828*r + 4196. Give m(171).
-421
Let n(h) = -32*h**2 - 2*h + 7219. Give n(15).
-11
Let b(n) = -100*n**2 - 1473*n - 1455. Determine b(-1).
-82
Let l(a) = -3*a**3 + 40*a**2 - 228*a + 2999. Give l(13).
204
Let a(j) = 3*j**3 - 81*j**2 + 21*j - 929. Calculate a(27).
-362
Let c(r) = -2489*r**2 + 22394*r + 19. What is c(9)?
-44
Let d(z) = z**2 - 1404*z + 29722. Give d(21).
679
Let n(q) = -q**2 - 10198*q + 142967. Give n(14).
-1
Let c(m) = -3066*m**2 - 37093*m - 3610. Determine c(-12).
2
Let m(x) = -x**3 - 5*x**2 - 22172*x - 177542. Calculate m(-8).
26
Let c(b) = -127*b**2 + 1495*b + 388. What is c(12)?
40
Let s(f) = 665*f - 15193. What is s(23)?
102
Let y(a) = -25*a**3 + 20*a**2 - 78. What is y(2)?
-198
Let i(b) = 2*b**2 + 116*b - 24. Determine i(-62).
472
Let n(m) = m**3 - 96*m**2 - 6357*m - 550. Calculate n(-45).
-10
Let a(y) = -17773*y - 70920. Calculate 